3/6 + 4*m**2. What is the units digit of s(8)?
1
What is the units digit of (4/6)/(4/42)?
7
Let t(z) = 3*z**3 + z**2. Let r be t(1). Let f = -2 + r. What is the units digit of f?
2
Suppose -2 = -t - 0. Suppose 0 = v + t*v - 9. What is the units digit of v?
3
Suppose 2257 = 17*r + 251. What is the hundreds digit of r?
1
Suppose -94 = -5*p + 3*p. What is the units digit of p?
7
Suppose -5*u = -2*u - 144. What is the tens digit of u?
4
Suppose 292 = -4*q + 6*q - 5*p, 4*p = 4*q - 572. What is the hundreds digit of q?
1
Let h be ((-4)/(-6))/((-3)/(-9)). Suppose -4*r - h*g + 163 = -3*g, -5*g = -25. What is the tens digit of r?
4
Suppose -b + 46 = -4*b - 5*w, 0 = w + 5. Let y(q) = q**3 + 8*q**2 + 3*q - 2. What is the units digit of y(b)?
6
Let r(b) = b - 7. Let w be r(13). What is the tens digit of w/(-3)*(-7 + 1)?
1
Suppose 69 = q + 2*c + 27, -c = -2*q + 94. What is the units digit of q?
6
Let u be 6 + (-2 - (-1)/1). Suppose -z - 47 = -u*z - 3*v, z - 3*v = -7. Let y = z - 4. What is the units digit of y?
4
Let v(t) = -t**2 + 8*t - 4. Let k be v(6). Suppose -4*m = -0*m - k. Suppose -2*g - m*o + 16 = 0, 1 = -g + 2*o - 0*o. What is the units digit of g?
5
Suppose 0 = 4*w - w - 168. What is the units digit of w?
6
Suppose -5*o + 15 = -2*o. Let x(c) = c**2 + c**3 - 1 - 6*c**2 + o*c**2 + 3*c. What is the units digit of x(2)?
3
Suppose 3*o + o = 0. What is the units digit of o - -11 - 0/(-7)?
1
Suppose 43 + 177 = 4*i. What is the tens digit of i?
5
Let j(z) = -14*z. Let q be j(-1). Let g = 26 - q. What is the units digit of g?
2
Let r be (-4)/(1 + (-33)/27). Suppose 4*m - 2*m + 6 = 4*s, 2*s = -4*m + r. What is the units digit of m?
3
Let a = 0 + -8. Let i(v) = -v + 3. What is the units digit of i(a)?
1
Let w(c) = 2*c**2 + 3*c - 1. Let a(f) = f - 1. Let s be a(3). What is the tens digit of w(s)?
1
Let c = -141 + 223. What is the units digit of c?
2
Let k(m) = 28*m + 1. What is the tens digit of k(2)?
5
Let h be 44/3 - (-6)/(-9). Let s = 4 - -4. Let j = h - s. What is the units digit of j?
6
Let z(t) = -t**2 - t + 7. Let l(v) = -v**2 + 1. Suppose 0*c - 4*c = -4. Let i be l(c). What is the units digit of z(i)?
7
Let j(r) = r**2 - r - 2. Suppose -2 - 2 = 2*z. Let o be j(z). Suppose p - 22 = -2*n, -o*n + 3*p + 3 + 21 = 0. What is the units digit of n?
9
Let v be (-1 - -13)/(4/(-10)). Suppose -3*i + 16 = -k - 10, -3*i = 5*k - 32. What is the units digit of -15*i/v*2?
9
Let g = -107 + 363. What is the units digit of g/24 + (-1)/(-3)?
1
Let s = -11 - -33. What is the units digit of 832/s - (-10)/55?
8
What is the units digit of 3 + -9 + 5 - -19?
8
Suppose -57 - 29 = -o. What is the units digit of o?
6
Let p(c) = -7*c - 2. Let x be 3*(-3)/3 - 1. Let q be p(x). What is the units digit of (-2 + q/10)*5?
3
Let y = 8 + -28. Let a = y - -13. Let x = 3 - a. What is the units digit of x?
0
Suppose -z + 3 = -2*z, -5*z = d - 21. Suppose 0 = h - 8 - d. What is the tens digit of h?
4
Let v = -8 + 11. Let f(g) = -g + 7. What is the units digit of f(v)?
4
Let q be (-1)/4 + 9/4. Suppose q*g = -2*v, -g - 3*v = g + 5. Suppose -o - 29 = -3*n, -5*n + 2*o = -45 - g. What is the units digit of n?
8
Suppose -12*y = -11*y - 376. What is the hundreds digit of y?
3
Suppose -4*m - 4*t + 156 = 0, -45 + 1 = -m - 2*t. Let d = m + -16. What is the units digit of d?
8
Let s be 52/44 + (-4)/22. Let z = s + 6. What is the units digit of z?
7
Let a be 60/33 + 2/11. Let w(s) = 2*s - 1. Let p be w(a). Suppose 4*z + 24 = 2*c, -13 = p*z - 4. What is the units digit of c?
6
Let y(i) = 3*i**2 + 0*i**2 + 0*i + i**3 - 6*i**2 - 3 + 2*i. What is the units digit of y(3)?
3
Let q = -40 - -88. What is the tens digit of q?
4
Let x(h) = -h**3 - 8*h**2 - 7*h + 2. Let o = 8 + -5. Let q be 3*(o/(-9) - 2). What is the units digit of x(q)?
2
What is the units digit of (-9*1)/3 - -31?
8
Let b = 57 - 8. What is the tens digit of b?
4
Let l(f) = -f**2 - 24*f - 34. What is the units digit of l(-21)?
9
Let i(o) = o**3 + 4*o**2 - 3*o + 1. Suppose m + 2*l = -6, -2*m - 2*l = l + 11. What is the tens digit of i(m)?
1
Let k = 85 - 49. What is the tens digit of k?
3
Let n(b) = b**2 + 1. Let q be n(0). Let a be 2/(q + -2) + 6. What is the units digit of a*(2 - (1 - 0))?
4
Let m(s) = s**2 + 5*s + 2. Let k be m(-3). Let a be (0 + (-10)/k)*-2. Let h = -3 - a. What is the units digit of h?
2
Let h(w) = -w + 7. Let f be h(0). Let i = -3 + f. Let x = -2 + i. What is the units digit of x?
2
Let u(j) = j - 5. Let t be u(6). What is the units digit of ((-5)/(-10))/(t/24)?
2
Let f(a) = 5*a + 118. What is the tens digit of f(0)?
1
What is the units digit of (18/(-4))/((-36)/48)?
6
Let j(a) = a**3 + a - 1. Let k be j(2). What is the tens digit of 0 - 3/(k/(-84))?
2
Let j(i) be the first derivative of i**3/6 - i**2/2 + 3*i + 1. Let w(y) be the first derivative of j(y). What is the units digit of w(11)?
0
Suppose 16*z + 68 = 20*z. What is the units digit of z?
7
Suppose 37*x + 672 = 41*x. What is the hundreds digit of x?
1
What is the tens digit of 8/(8/33) - 0?
3
Let l = -27 + 24. Let r(v) = 7*v**2 + 8*v + 4. What is the tens digit of r(l)?
4
Let j = 8 - 5. Suppose 0 = -5*h + x + 132, -j*h + 3*x + 48 = -24. Suppose -4*k = -k - h. What is the units digit of k?
9
Let g(j) = -j**3 + 6*j**2 + 2*j - 2. Suppose 4*q - 3*f = f + 80, -4*f - 16 = 0. Let i = q - 10. What is the tens digit of g(i)?
1
Suppose -t = -5*k - 13, -t + k + 4 = -17. Let h = t + -9. What is the units digit of h?
4
Let q(b) = 11*b - 1. Let s = -4 + 7. Let c be q(s). Suppose -c = -o - 3*o. What is the units digit of o?
8
Let g be ((0/1)/(-1))/(-2). Let k(y) = -y**3 + y**2 + 5. Let i be k(g). Let b = i + 7. What is the units digit of b?
2
Let s be 2532/90 - 4/30. Suppose -i + 40 = 3*q - 6*q, 0 = -i - q + s. What is the tens digit of i?
3
Let u = 62 + -28. Suppose 3*x - u = x. Suppose -s + x = i + i, 5*i + s = 41. What is the units digit of i?
8
Let s = 31 - 59. Suppose -2*a = 11 + 9. What is the units digit of s/a - 1/(-5)?
3
Let s(u) = 17*u + 2. What is the tens digit of s(3)?
5
Let l(n) = n**3 + 6*n**2 + 5*n - 3. Let p = 3 + -7. What is the units digit of l(p)?
9
Suppose f + 24 - 72 = 0. Suppose -f = -4*v - 0*v. What is the tens digit of v?
1
Suppose 11 = 2*d - i, -14 = -5*d + i + 15. Suppose x - d*x + 3*h = -95, -h = -5. What is the units digit of x?
2
Suppose 4*y + 7 = q - 2*q, 3*y + 12 = -3*q. Let w = -1 - q. Suppose g - p - 3 = -w*g, -3*p = -5*g + 5. What is the units digit of g?
1
Let i(f) = -36*f**2 + f - 3. Let c(q) = 71*q**2 - 2*q + 5. Let x(y) = 4*c(y) + 7*i(y). What is the units digit of x(-1)?
2
Let s(i) = -i + 1. Let b be s(-1). Suppose -5*p + b = -3*c - 2, 0 = -2*p - 2*c + 8. What is the units digit of p?
2
Let u(t) = 0*t + 11*t**2 - t**3 - 1 + 5*t - 2*t. What is the units digit of u(11)?
2
What is the units digit of -6*3/(-6) - -17?
0
Let i(m) = -m**3 + m**2 + 2*m - 5. What is the units digit of i(-4)?
7
Let f(z) = -z**2 + 10*z + 4. What is the units digit of f(10)?
4
Let t(j) = -j**2 + 3*j - 2. Let u be t(5). Let i(y) = y**3 + 11*y**2 - 11*y + 17. Let k be i(u). Suppose 2*x - 1 = k. What is the units digit of x?
3
Let t(m) = m**3 + 4*m**2 + 2*m - 1. Let f be t(-2). Suppose f*p = -2*w + 3*w + 33, p - 3*w = 19. What is the units digit of p?
0
Let v(p) be the third derivative of -p**5/60 - 7*p**4/24 - p**3 - p**2. Let a = 3 - 8. What is the units digit of v(a)?
4
Suppose -3*o = -4 + 7. Let m = o + 2. What is the units digit of m?
1
Let d be (-4)/(-10) - 86/(-10). What is the units digit of (-2)/d + 112/18?
6
Let d(g) = -3*g - 16. Let c be d(-11). Suppose 3 = h - 7. Let k = c - h. What is the units digit of k?
7
What is the units digit of -1 - ((-15)/3 - -2)?
2
Let j(p) = -p**2 + 11*p - 5. Let u be j(14). Let b = -30 - u. What is the tens digit of b?
1
Let v = 3 + -3. Let j = 2 + v. Suppose j*l + 3*l = 5. What is the units digit of l?
1
Let y(r) = -r**3 - 4*r**2 - r + 1. Let x be y(-4). Let z(p) = p - 5. Let u be z(x). Suppose 2*d - 18 + 0 = u. What is the units digit of d?
9
Suppose k - 69 = -2*k. Let u = k + -15. What is the units digit of u?
8
Let r be (2 + 0)/(2/(-4)). Let c = r - -4. Suppose c*q - 12 = -4*q. What is the units digit of q?
3
Suppose 5*c + 2*u + 40 = -2*u, 0 = 4*c + 2*u + 26. Let v(t) = t**3 + 6*t**2 - 7*t - 3. Let z be v(-7). Let a = z - c. Wha